{"id":76,"date":"2017-03-31T16:21:19","date_gmt":"2017-03-31T16:21:19","guid":{"rendered":"http:\/\/web.webdes.cl\/?page_id=76"},"modified":"2019-08-15T15:10:29","modified_gmt":"2019-08-15T18:10:29","slug":"social-manager","status":"publish","type":"page","link":"https:\/\/www.webdes.cl\/?page_id=76","title":{"rendered":"Social Manager"},"content":{"rendered":"<p>S\u00f3lo las empresas m\u00e1s grandes pueden contar con un Social Media Manager, que les \u00a0diga como desarrollar su estrategia digital, y con un Community Manager, que se encargue de implementar esa estrategia y mantener la presencia en las redes sociales.<\/p>\n<p>Nosotros podemos apoyarlo en ambas tareas por una fracci\u00f3n del precio que le costar\u00eda tener uno o dos especialistas en estas \u00e1reas de manera exclusiva.<\/p>\n","protected":false},"excerpt":{"rendered":"<p>S\u00f3lo las empresas m\u00e1s grandes pueden contar con un Social Media Manager, que les \u00a0diga como desarrollar su estrategia digital, y con un Community Manager, que se encargue de implementar esa estrategia y mantener la presencia en las redes sociales. Nosotros podemos apoyarlo en ambas tareas por una fracci\u00f3n del precio que le costar\u00eda tener &hellip; <\/p>\n<p class=\"link-more\"><a href=\"https:\/\/www.webdes.cl\/?page_id=76\" class=\"more-link\">Continuar leyendo<span class=\"screen-reader-text\"> \u00abSocial Manager\u00bb<\/span><\/a><\/p>\n","protected":false},"author":1,"featured_media":77,"parent":0,"menu_order":0,"comment_status":"closed","ping_status":"closed","template":"","meta":[],"_links":{"self":[{"href":"https:\/\/www.webdes.cl\/index.php?rest_route=\/wp\/v2\/pages\/76"}],"collection":[{"href":"https:\/\/www.webdes.cl\/index.php?rest_route=\/wp\/v2\/pages"}],"about":[{"href":"https:\/\/www.webdes.cl\/index.php?rest_route=\/wp\/v2\/types\/page"}],"author":[{"embeddable":true,"href":"https:\/\/www.webdes.cl\/index.php?rest_route=\/wp\/v2\/users\/1"}],"replies":[{"embeddable":true,"href":"https:\/\/www.webdes.cl\/index.php?rest_route=%2Fwp%2Fv2%2Fcomments&post=76"}],"version-history":[{"count":2,"href":"https:\/\/www.webdes.cl\/index.php?rest_route=\/wp\/v2\/pages\/76\/revisions"}],"predecessor-version":[{"id":183,"href":"https:\/\/www.webdes.cl\/index.php?rest_route=\/wp\/v2\/pages\/76\/revisions\/183"}],"wp:featuredmedia":[{"embeddable":true,"href":"https:\/\/www.webdes.cl\/index.php?rest_route=\/wp\/v2\/media\/77"}],"wp:attachment":[{"href":"https:\/\/www.webdes.cl\/index.php?rest_route=%2Fwp%2Fv2%2Fmedia&parent=76"}],"curies":[{"name":"wp","href":"https:\/\/api.w.org\/{rel}","templated":true}]}}