{"id":117,"date":"2017-04-05T12:58:35","date_gmt":"2017-04-05T12:58:35","guid":{"rendered":"http:\/\/web.webdes.cl\/?page_id=117"},"modified":"2017-04-05T20:45:59","modified_gmt":"2017-04-05T20:45:59","slug":"redes","status":"publish","type":"page","link":"https:\/\/www.webdes.cl\/?page_id=117","title":{"rendered":"Redes"},"content":{"rendered":"<p>Par trenzado, wifi, WiMAX, PCL (Power Line Communications), cualquier medio de conexi\u00f3n para transmisi\u00f3n de datos.<\/p>\n<p>Desde un router dom\u00e9stico hasta redes corporativas.<\/p>\n","protected":false},"excerpt":{"rendered":"<p>Par trenzado, wifi, WiMAX, PCL (Power Line Communications), cualquier medio de conexi\u00f3n para transmisi\u00f3n de datos. Desde un router dom\u00e9stico hasta redes corporativas.<\/p>\n","protected":false},"author":1,"featured_media":118,"parent":0,"menu_order":0,"comment_status":"closed","ping_status":"closed","template":"","meta":[],"_links":{"self":[{"href":"https:\/\/www.webdes.cl\/index.php?rest_route=\/wp\/v2\/pages\/117"}],"collection":[{"href":"https:\/\/www.webdes.cl\/index.php?rest_route=\/wp\/v2\/pages"}],"about":[{"href":"https:\/\/www.webdes.cl\/index.php?rest_route=\/wp\/v2\/types\/page"}],"author":[{"embeddable":true,"href":"https:\/\/www.webdes.cl\/index.php?rest_route=\/wp\/v2\/users\/1"}],"replies":[{"embeddable":true,"href":"https:\/\/www.webdes.cl\/index.php?rest_route=%2Fwp%2Fv2%2Fcomments&post=117"}],"version-history":[{"count":1,"href":"https:\/\/www.webdes.cl\/index.php?rest_route=\/wp\/v2\/pages\/117\/revisions"}],"predecessor-version":[{"id":122,"href":"https:\/\/www.webdes.cl\/index.php?rest_route=\/wp\/v2\/pages\/117\/revisions\/122"}],"wp:featuredmedia":[{"embeddable":true,"href":"https:\/\/www.webdes.cl\/index.php?rest_route=\/wp\/v2\/media\/118"}],"wp:attachment":[{"href":"https:\/\/www.webdes.cl\/index.php?rest_route=%2Fwp%2Fv2%2Fmedia&parent=117"}],"curies":[{"name":"wp","href":"https:\/\/api.w.org\/{rel}","templated":true}]}}